8 + 12 + 36.
18
What is the value of 1 + -28 - (-18 - -3)?
-12
Calculate -67 + 48 - (13 - 34).
2
Evaluate -3 - -11 - (5 + 14).
-11
Evaluate -10 + 12 - 2 - 1 - -5.
4
What is the value of -3 + -3 + (17 - 4 - (0 - 7))?
14
(0 + 12 - (-49 + 63)) + 1
-1
What is the value of -3 - (4 - (1 + 12)) - (-28 + 33)?
1
Evaluate (17 + -2 - 3) + -3 + (6 - 4).
11
Calculate 1 + -4 - (-10 + 8 + -10 - 6).
15
Evaluate (2 - -2) + -4 + (4 - 6) + -7.
-9
What is the value of -13 - (-9 - -9) - (1 - 4 - -7)?
-17
What is the value of (0 - (-3 + (3 - 2))) + -227 + 230?
5
What is the value of 9 + -5 + (-4 - (-15 - (7 + -16)))?
6
Evaluate -43 + 30 + (-6 + 8 - 6).
-17
What is (-8 - -3) + -8 + (9 + -25 - -46)?
17
Calculate -6 + -3 - (-5 + -30 - (-4 + 4)).
26
What is the value of 8 - (1 + -7 + 11 - -4) - 14?
-15
-4 + 3 + 6 + -6 + 1 + 2
2
What is the value of 3 - (-5 + 11 + -6) - 9 - -22?
16
Calculate -10 + (31 - (8 + 10)).
3
5 + (-20 + -18 + 9 - (4 - 4))
-24
Evaluate 15 + ((7 - 12) + 9 - 11).
8
What is the value of (1 - 6 - (2 + -10)) + 4 + -21?
-14
-16 - ((-33 - 1) + 2)
16
Calculate 1 + 13 + -17 + 23.
20
Evaluate -6 + (1 - -4 - (-6 + 0)) + -11.
-6
(-19 - -13) + 8 + (3 - -4)
9
What is the value of (-1 - (-11 - (-6 + 2))) + -1 + 4?
9
What is -2 + -7 - (-12 + 17 - -8) - -2?
-20
What is (12 - 5) + (-2 - -3)?
8
-8 + (-1 - 1) - (19 + -8 - 12)
-9
Calculate 16 - (15 - 4) - (-7 - (4 - 6)).
10
Evaluate (-1 + 13 - 4) + 1 + (-16 - -24).
17
What is the value of 5 - (-5 - 0 - -12 - -3)?
-5
Calculate 27 + -91 + 31 - -25.
-8
Calculate -4 + -7 + -6 + 32.
15
Evaluate 1004 + -1017 - (5 - (-2 - (-4 + 1))).
-17
Evaluate 226 - 218 - (10 + 0) - -2.
0
What is the value of 0 + -6 + 1 - (32 + -52)?
15
What is the value of 12 - (49 - (29 + 18 + -33))?
-23
What is the value of (35 + -5 - 7) + -15?
8
Evaluate -29 - -31 - (-3 - (3 + (0 - 4))).
4
What is 1 + -3 + (107 - 103) + -7?
-5
What is the value of 2 + -1 + 9 + -15 + (-8 - -3)?
-10
Calculate (-1 - 9) + (-2 - (-2 + -1)) + 5.
-4
What is the value of -1 - ((1 - -10) + (17 - (-20 - -55)))?
6
Evaluate (34 - (1 - -9)) + (-14 - -16).
26
(9 - -1) + 37 + -5 + -43
-1
Calculate (-29 - -28) + (4 - -9).
12
(3 - (5 - (-3 + 5))) + 0
0
What is -8 + 5 + -5 + -7 + 11?
-4
(-4 - ((-4 - -5) + -2 + 2)) + -7
-12
-24 + (14 - (-31 - -2))
19
What is the value of (3 - (13 + -2)) + -3 + -2?
-13
What is -125 + 133 + -2 + 0 + -5 - -14?
15
What is 3 + (-12 - (1 - 3))?
-7
What is the value of -10 + 2 + 1 + 5 + -8?
-10
Calculate (-26 - -19 - -16) + (-2 - -3).
10
What is the value of 30 + -27 - (10 + -1)?
-6
Calculate (-11 + (3 - -2) - 1) + (25 - 21).
-3
-48 + 26 - -11 - -28
17
Evaluate -1 + -4 - (458 - 444).
-19
Calculate (1 - -8) + 3 + -20.
-8
Evaluate 14 + -22 + -1 + 10 + 3.
4
Evaluate (-2 + -1 - 4 - -18 - 4) + -8.
-1
-26 - -5 - (7 + -39)
11
What is -2 + -7 + -169 + 192?
14
What is the value of -14 + 3 + -1 + 3 + 9 + -13?
-13
What is -4 + -5 + (4 - 6 - -6) + 5?
0
(-37 - -19) + 7 - (1 - 7)
-5
What is 2 + (3 - 8) - 1 - (4 + -10)?
2
What is the value of -6 + -9 + 1 + 6 + -1?
-9
Calculate (0 + 1 - (-11 + 19)) + 2.
-5
Evaluate (-19 - -30) + -9 + (19 - 10).
11
Calculate -4 + -4 + (-1 - -3) + (8 - 9).
-7
-8 + 24 + (7 - 24)
-1
What is (32 - 11) + -19 + -16?
-14
Calculate (0 - (-1 - -6 - 7)) + -30.
-28
Calculate -20 - (8 - 1 - 10).
-17
-8 + (3 - 10) - -10
-5
What is the value of -5 + (9 - 4 - (9 + -23))?
14
Evaluate 2 + -1 - (15 + -5 + (0 - -4)).
-13
What is -4 + -3 - (-22 + (-9 - -18))?
6
What is (-8 - 0 - -2) + (3 - (-9 - -3))?
3
What is the value of 36 + -15 - (23 + 1)?
-3
Calculate (5 + -5 - -8 - 8) + 3.
3
(1 - -4) + 4 + -5 + -81 + 95
18
Evaluate -7 - (-466 + 471 + 1 + -1 + 12).
-24
What is the value of (27 - 0) + -29 - (1 + (1 - 3))?
-1
What is the value of 19 + -8 + 13 + -6 + 8?
26
Calculate -4 + (69 - 24 - (3 - -8)).
30
Calculate 12 + (0 - (14 + 1) - 6).
-9
What is the value of -10 + (-1 - (0 + -7)) + 0?
-4
Calculate 5 + 7 - (-9 + (-13 - -16)).
18
What is the value of -8 + -6 + 33 + 6 + -5?
20
What is -38 - (-66 + 59 + -32)?
1
21 + 0 + 5 + 3 + -9 + -1
19
Calculate 4 + -4 + -1 - 7 - -23.
15
Calculate -17 - ((1 - -8) + -1 - 14).
-11
What is the value of (6 - (7 - 4) - 2) + -7?
-6
What is 1 - (-2 - 3) - -3 - (-62 - -51)?
20
Evaluate 4 - -15 - 27 - (10 + -9).
-9
What is (-14 + -7 + 17 + -4 - 5) + -2?
-15
What is the value of (38 - 27) + 1 + -5 + -18?
-11
What is 19 + -11 + 4 + (-2 - 3) + 1?
8
Evaluate -1 + (-25 + 16 - (-21 - -1)).
10
Calculate -32 + 20 + 10 + -10.
-12
Evaluate 26 + 22 - 42 - (1 + -4).
9
Evaluate (-17 - -33) + (-5 - -1) + -15.
-3
Calculate 2 + (-15 - -24) + 0.
11
-4 + (-47 - (7 - 22))
-36
What is the value of 0 + (-8 - -8) + -2 + 0?
-2
What is the value of -17 - (0 - (-5 + 33))?
11
Evaluate -3 + -1 + 1 + -5 + -84 + 105.
13
-7 + 7 + 0 - (84 - 70)
-14
What is 3 - 0 - (3 + (12 - 12) + -17)?
17
Evaluate 9 + 13 + -10 + -10.
2
Evaluate -16 + 9 + (2 + 0 - 9 - -1).
-13
What is 10 - (216 + -208 - (1 + -1 + -1))?
1
What is -3 + -33 + (550 - 480)?
34
Evaluate -16 - 3 - (-47 - -28).
0
What is 19 + 49 + -32 - 22?
14
What is (-537 - -493) + 2 + 16?
-26
What is the value of -11 + (23 - 53) + 29?
-12
Evaluate 12 + 1 - (217 - 166).
-38
What is the value of -6 + 2 + (58 - 37)?
17
Calculate 1 - -4 - (-30 + 53 + -42).
24
What is the value of 8 + -17 - -11 - -6?
8
Evaluate (-5 - -1) + (5 - (10 + -7 - -9)).
-11
Evaluate -15 - ((1 - -3) + 19 + -28).
-10
Evaluate (55 - 47) + (-10 - 1) + (-14 - 2).
-19
-27 + 2 - (8 - 5 - 12)
-16
What is 14 - ((-3 - (0 + -3)) + 6 + 1)?
7
Calculate 3 - ((-6 - 1) + 4 + -6).
12
What is 13 + -11 + (-46 - -28)?
-16
Evaluate 21 - 24 - -23 - 42.
-22
Calculate 17 - (-10 + 23) - 8.
-4
What is (55 - 46) + (-16 - -1)?
-6
What is the value of -16 - (0 - (21 + -4))?
1
Calculate (-2 - (-11 + 4) - 11) + (2 - -5).
1
What is the value of 21 - (16 + 9) - (-4 + 2 + -21)?
19
Calculate 0 - ((6 - (1 - -1)) + 17 + -26).
5
(-3 + -4 - (24 + -12)) + 0 + 6
-13
What is the value of 2 + -3 + 21 + -10 + -1?
9
7 - (0 + 21 + -22 + 7)
1
What is -11 - (-47 - (-39 + -1) - (-9 + 0))?
-13
What is 43 + -52 - (1 + (1 - -1))?
-12
What is the value of (3 - 21) + -44 + 58?
-4
Calculate (-43 - -40 - (1 - -3)) + (19 - -3).
15
-9 - (-15 + (15 - 20))
11
4 + ((0 - (-5 + 6)) + -17 - -3)
-11
(33 + -1 + -14 - 37) + -2 + 10
-11
What is the value of 2 + -1 - (9 - (7 - -7))?
6
What is the value of -28 - ((0 - -10) + -25)?
-13
Evaluate -17 + (33 - -19) + -57.
-22
Evaluate 30 - (26 - (7 + 3)).
14
Evaluate 2 + (3 - (4 - -5)) + 2.
-2
What is 0 + (20 + 26 - 18)?
28
Calculate (-39 - -30) + -18 - -3.
-24
Evaluate -40 + 37 + (21 - 30).
-12
What is the value of -1 - -16 - (7 - (-2 - 4 - -8))?
10
59 - (41 + -25 - -11)
32
Evaluate 4 + -2 + -25 + 35.
12
Calculate -15 + 6 + -3 - 3 - 5.
-20
(3 - -3) + (2 + -14 + -7 - 5)
-18
Calculate -9 + (29 - -3 - 11) + -2.
10
Calculate (2 - -2) + -15 + -7 - (2 + -8).
-12
8 + (-4 - 6 - -4)
2
Evaluate (7 - -4) + (-8 - -4) - 0 - -7.
14
Calculate (9 + -8 + 4 + 0 - -3) + -11.
-3
What is the value of 1 + -7 + 4 + 3 + 9 + -2?
8
-44 - -22 - -25 - 10
-7
Calculate 2 + 2 + (12 - (-10 - -18)) + -5.
3
What is (12 - -1) + 79 + -78 - -1?
15
What is -9 + -1 - 0 - 1?
-11
Calculate (36 + -29 - -30) + -13.
24
What is -57 - (-11 + 6) - -35?
-17
Evaluate -10 - (9 + -3 - 8).
-8
What is -3 - 1 - ((7 - 6) + -6)?
1
What is the value of 3 + 1 - (-9 + (-1 - -26))?
-12
(7 - (-5 + (7 - (-6 - -5)))) + -13
-9
What is 14 - (-14 + 14 + 5)?
9
What is the value of 11 + -9 + -8 + 0?
-6
What is 19 + -41 + 50 - 21?
7
14 - (-18 - (0 - 12))
20
What is -11 + (-10 + 22 - 4) + 7?
4
98 + -95 + (1 - 2 - -1)
3
-14 - (2 + (4 - -13) + -14)
-19
15 - 0 - (-115 + 120)
10
Calculate 1 - 12 - (-23 - -17 - 18).
13
Calculate -27 + 19 + (-8 - -10 - -9).
3
Evaluate -1 + 12 + (13 - 2) + 2 + -16.
8
What is (-49 - -44) + 3 + (-4 - -17)?
11
10 + (3 - 21 - -18)
10
What is (17 - 9) + (18 + -7 - 11)?
8
Calculate 8 - (-7 - ((-1 - 7) + (-95 - -94))).
6
What is the value of (-6 - -2) + -2 + (-6 - -6)?
-6
What is -4 + -7 + -16 - (-3 + -3) - -5?
-16
What is 36 - (-19 + 52) - -19?
22
What is (141 - 151) + 2 + -3 + 9 + -17?
-19
Evaluate (18 + -21 - -10) + 1 + 7.
15
-1 + 0 + (8 + -11 - -5 - -13)
14
(4 - 1) + 0 - -9 - (-2 + 6)
8
What is the value of 69 + -71 - (1 + -20) - 9?
8
Calculate 69 - 55 - (2 + 5).
7
Evaluate -64 + 105 - (1 - (-9 - 8)).
23
(3 + -2 - (8 + 